{"id":21,"date":"2025-03-05T09:59:48","date_gmt":"2025-03-05T09:59:48","guid":{"rendered":"https:\/\/cabakonveyor.com\/?page_id=21"},"modified":"2025-03-26T13:03:23","modified_gmt":"2025-03-26T13:03:23","slug":"anasayfa","status":"publish","type":"page","link":"https:\/\/cabakonveyor.com\/","title":{"rendered":"Anasayfa"},"content":{"rendered":"<!-- wp:themify-builder\/canvas \/-->","protected":false},"excerpt":{"rendered":"","protected":false},"author":1,"featured_media":0,"parent":0,"menu_order":0,"comment_status":"closed","ping_status":"closed","template":"","meta":{"_joinchat":[],"footnotes":""},"class_list":["post-21","page","type-page","status-publish","hentry","has-post-title","has-post-date","has-post-category","has-post-tag","has-post-comment","has-post-author",""],"builder_content":"<h1>Fark\u0131m\u0131z<\/h1>\n\n<p>\u00c7aba Konvey\u00f6r olarak, modern ve yenilik\u00e7i konvey\u00f6r sistemlerimizi her t\u00fcrl\u00fc end\u00fcstriyel uygulama i\u00e7in ideal hale getirmek \u00fczere tasarl\u0131yoruz. \u00dcr\u00fcnlerimiz; y\u00fcksek performans, ekonomik \u00e7\u00f6z\u00fcmler, mod\u00fcler tasar\u0131m ve kullan\u0131c\u0131 dostu yap\u0131 gibi \u00f6nemli \u00f6zellikleri b\u00fcnyesinde bar\u0131nd\u0131rmaktad\u0131r. Bu sayede, \u00fcretim s\u00fcre\u00e7lerinizde maksimum verimlilik sa\u011flarken maliyet avantaj\u0131ndan da faydalanabilirsiniz. Esnek yap\u0131m\u0131z sayesinde, farkl\u0131 sekt\u00f6rlerin ve i\u015fletme \u00f6l\u00e7eklerinin ihtiya\u00e7lar\u0131na uygun, \u00f6zelle\u015ftirilebilir \u00e7\u00f6z\u00fcmler sunuyoruz. Dayan\u0131kl\u0131l\u0131k, enerji verimlili\u011fi ve minimum bak\u0131m gereksinimiyle, uzun \u00f6m\u00fcrl\u00fc ve kesintisiz bir performans hedeflemekteyiz.<\/p>\n<svg> <circle r=\"calc(50% - 1.50px)\" cx=\"50%\" cy=\"50%\" stroke-width=\"3\"\/> <circle r=\"calc(50% - 1.50px)\" cx=\"50%\" cy=\"50%\" stroke=\"#58a1f5\" stroke-width=\"3\" data-progress=\"100\" stroke-dasharray=\"0,10000\"\/> <\/svg> <em style=\"color:#58a1f5\"><svg aria-hidden=\"true\"><use href=\"#tf-fas-cogs\"><\/use><\/svg><\/em> \n <h3> Y\u00fcksek Performans <\/h3> <p>S\u00fcrekli ve verimli \u00fcretim i\u00e7in optimize edilmi\u015f sistemler.<\/p>\n<svg> <circle r=\"calc(50% - 1.50px)\" cx=\"50%\" cy=\"50%\" stroke-width=\"3\"\/> <circle r=\"calc(50% - 1.50px)\" cx=\"50%\" cy=\"50%\" stroke=\"#58a1f5\" stroke-width=\"3\" data-progress=\"100\" stroke-dasharray=\"0,10000\"\/> <\/svg> <em style=\"color:#58a1f5\"><svg aria-hidden=\"true\"><use href=\"#tf-fas-users\"><\/use><\/svg><\/em> \n <h3> Kullan\u0131c\u0131 Dostu <\/h3> <p>Basit kontrol paneli ve minimum bak\u0131m gereksinimi<\/p>\n<svg> <circle r=\"calc(50% - 1.50px)\" cx=\"50%\" cy=\"50%\" stroke-width=\"3\"\/> <circle r=\"calc(50% - 1.50px)\" cx=\"50%\" cy=\"50%\" stroke=\"#58a1f5\" stroke-width=\"3\" data-progress=\"100\" stroke-dasharray=\"0,10000\"\/> <\/svg> <em style=\"color:#58a1f5\"><svg aria-hidden=\"true\"><use href=\"#tf-fas-mobile\"><\/use><\/svg><\/em> \n <h3> Ekonomik \u00c7\u00f6z\u00fcmler <\/h3> <p>Maliyet avantaj\u0131 sa\u011flayan, yat\u0131r\u0131m getirisi y\u00fcksek sistemler<\/p>\n<svg> <circle r=\"calc(50% - 1.50px)\" cx=\"50%\" cy=\"50%\" stroke-width=\"3\"\/> <circle r=\"calc(50% - 1.50px)\" cx=\"50%\" cy=\"50%\" stroke=\"#58a1f5\" stroke-width=\"3\" data-progress=\"100\" stroke-dasharray=\"0,10000\"\/> <\/svg> <em style=\"color:#58a1f5\"><svg aria-hidden=\"true\"><use href=\"#tf-fas-puzzle-piece\"><\/use><\/svg><\/em> \n <h3> Mod\u00fcler Tasar\u0131m <\/h3> <p>Kolay kurulum, esnek yap\u0131 ve h\u0131zl\u0131 geni\u015fletme imkan\u0131.<\/p>\n<h2 style=\"text-align: center;\">\u00dcr\u00fcnlerimiz<\/h2>\n[gallery ids=\"55,54,53,52,51,50,49,48,47,252,253\"]\n<h3>S\u0131k\u00e7a Sorulan Sorular<\/h3>\n<img src=\"https:\/\/cabakonveyor.com\/wp-content\/uploads\/2025\/03\/faq-phone-graphic-450x255.jpg\" width=\"450\" height=\"255\" title=\"faq-phone-graphic\" alt=\"faq-phone-graphic\" srcset=\"https:\/\/cabakonveyor.com\/wp-content\/uploads\/2025\/03\/faq-phone-graphic-450x255.jpg 450w, https:\/\/cabakonveyor.com\/wp-content\/uploads\/2025\/03\/faq-phone-graphic-300x170.jpg 300w, https:\/\/cabakonveyor.com\/wp-content\/uploads\/2025\/03\/faq-phone-graphic.jpg 451w\" sizes=\"(max-width: 450px) 100vw, 450px\" \/>\n<ul><li><h4>Konvey\u00f6r sistemi nedir ve nas\u0131l \u00e7al\u0131\u015f\u0131r?<\/h4><p>Konvey\u00f6r, malzemelerin otomatik ta\u015f\u0131nmas\u0131 i\u00e7in kullan\u0131lan bir sistemdir. Genellikle bant, zincir veya makaralar arac\u0131l\u0131\u011f\u0131yla \u00e7al\u0131\u015f\u0131r.<\/p><\/li><li><h4>Konvey\u00f6r sistemlerinin sa\u011flad\u0131\u011f\u0131 avantajlar nelerdir?<\/h4><p>\u00dcretim verimlili\u011fini art\u0131r\u0131r, i\u015f g\u00fcc\u00fcnden tasarruf sa\u011flar ve hatal\u0131 ta\u015f\u0131ma riskini azalt\u0131r.<\/p><\/li><li><h4>Kurulum s\u00fcreci ne kadar s\u00fcrmektedir?<\/h4><p>Projenin kapsam\u0131na ba\u011fl\u0131 olarak kurulum birka\u00e7 g\u00fcnden birka\u00e7 haftaya kadar s\u00fcrebilir.<\/p><\/li><li><h4>Bak\u0131m ve servis hizmetleriniz nas\u0131l i\u015fliyor?<\/h4><p>D\u00fczenli bak\u0131m planlar\u0131m\u0131z ve teknik destek ekibimizle sistemlerinizin s\u00fcrekli \u00e7al\u0131\u015f\u0131r durumda kalmas\u0131n\u0131 sa\u011fl\u0131yoruz.<\/p><\/li><li><h4>Konvey\u00f6r sistemleri hangi sekt\u00f6rlerde kullan\u0131lmaktad\u0131r?<\/h4><p>G\u0131da, otomotiv, lojistik, madencilik ve daha bir\u00e7ok end\u00fcstride yayg\u0131n olarak kullan\u0131lmaktad\u0131r.<\/p><\/li><li><h4>\u00d6zel tasar\u0131m konvey\u00f6r sistemleri \u00fcretiyor musunuz?<\/h4><p>Evet, m\u00fc\u015fterilerimizin ihtiya\u00e7lar\u0131na \u00f6zel \u00e7\u00f6z\u00fcmler sunuyor ve tasar\u0131m a\u015famas\u0131nda yak\u0131n i\u015fbirli\u011fi yap\u0131yoruz.<\/p><\/li><\/ul>\n<img src=\"https:\/\/cabakonveyor.com\/wp-content\/uploads\/2025\/03\/demoimage67-1-500x594.jpg\" width=\"500\" height=\"594\" title=\"demoimage67-1\" alt=\"demoimage67-1\" srcset=\"https:\/\/cabakonveyor.com\/wp-content\/uploads\/2025\/03\/demoimage67-1-500x594.jpg 500w, https:\/\/cabakonveyor.com\/wp-content\/uploads\/2025\/03\/demoimage67-1-253x300.jpg 253w, https:\/\/cabakonveyor.com\/wp-content\/uploads\/2025\/03\/demoimage67-1-768x912.jpg 768w, https:\/\/cabakonveyor.com\/wp-content\/uploads\/2025\/03\/demoimage67-1.jpg 803w\" sizes=\"(max-width: 500px) 100vw, 500px\" \/>\n<h3>Bize Ula\u015f\u0131n!<\/h3>\n<p role=\"status\" aria-live=\"polite\" aria-atomic=\"true\"><\/p> <ul><\/ul> <form action=\"\/index.php?rest_route=%2Fwp%2Fv2%2Fpages%2F21#wpcf7-f61-o1\" method=\"post\" aria-label=\"\u0130leti\u015fim Formu\" novalidate=\"novalidate\" data-status=\"init\"> <fieldset><input type=\"hidden\" name=\"_wpcf7\" value=\"61\" \/><input type=\"hidden\" name=\"_wpcf7_version\" value=\"6.1.5\" \/><input type=\"hidden\" name=\"_wpcf7_locale\" value=\"tr_TR\" \/><input type=\"hidden\" name=\"_wpcf7_unit_tag\" value=\"wpcf7-f61-o1\" \/><input type=\"hidden\" name=\"_wpcf7_container_post\" value=\"0\" \/><input type=\"hidden\" name=\"_wpcf7_posted_data_hash\" value=\"\" \/><input type=\"hidden\" name=\"_wpcf7_recaptcha_response\" value=\"\" \/> <\/fieldset> <p><label> Ad\u0131n\u0131z<br \/> <input size=\"40\" maxlength=\"400\" autocomplete=\"name\" aria-required=\"true\" aria-invalid=\"false\" value=\"\" type=\"text\" name=\"your-name\" \/> <\/label> <\/p> <p><label> E-posta adresiniz<br \/> <input size=\"40\" maxlength=\"400\" autocomplete=\"email\" aria-required=\"true\" aria-invalid=\"false\" value=\"\" type=\"email\" name=\"your-email\" \/> <\/label> <\/p> <p><label> Konu<br \/> <input size=\"40\" maxlength=\"400\" aria-required=\"true\" aria-invalid=\"false\" value=\"\" type=\"text\" name=\"your-subject\" \/> <\/label> <\/p> <p><label> \u0130letiniz (tercihe ba\u011fl\u0131)<br \/> <textarea cols=\"40\" rows=\"10\" maxlength=\"2000\" aria-invalid=\"false\" name=\"your-message\"><\/textarea> <\/label> <\/p> <p><label>Robot Olmad\u0131\u011f\u0131n\u0131z\u0131 Do\u011frulay\u0131n<br \/> <label>T\u00fcrkiyenin Ba\u015fkenti Neresidir? <input size=\"40\" autocomplete=\"off\" aria-required=\"true\" aria-invalid=\"false\" type=\"text\" name=\"quiz-78\" \/><\/label><input type=\"hidden\" name=\"_wpcf7_quiz_answer_quiz-78\" value=\"f41771a7c95d7ba29b9ede4f8b2f7abb\" \/><\/label> <\/p> <p><input type=\"submit\" value=\"G\u00f6nder\" \/> <\/p><p style=\"display: none !important;\" data-prefix=\"_wpcf7_ak_\"><label>&#916;<textarea name=\"_wpcf7_ak_hp_textarea\" cols=\"45\" rows=\"8\" maxlength=\"100\"><\/textarea><\/label><input type=\"hidden\" id=\"ak_js_1\" name=\"_wpcf7_ak_js\" value=\"182\"\/><\/p> <\/form>\n<h2 style=\"text-align: center;\">Referanslar\u0131m\u0131z<\/h2>\n[gallery ids=\"211,212,213,214,215,216,217,218,219,254\"]","_links":{"self":[{"href":"https:\/\/cabakonveyor.com\/index.php?rest_route=\/wp\/v2\/pages\/21","targetHints":{"allow":["GET"]}}],"collection":[{"href":"https:\/\/cabakonveyor.com\/index.php?rest_route=\/wp\/v2\/pages"}],"about":[{"href":"https:\/\/cabakonveyor.com\/index.php?rest_route=\/wp\/v2\/types\/page"}],"author":[{"embeddable":true,"href":"https:\/\/cabakonveyor.com\/index.php?rest_route=\/wp\/v2\/users\/1"}],"replies":[{"embeddable":true,"href":"https:\/\/cabakonveyor.com\/index.php?rest_route=%2Fwp%2Fv2%2Fcomments&post=21"}],"version-history":[{"count":28,"href":"https:\/\/cabakonveyor.com\/index.php?rest_route=\/wp\/v2\/pages\/21\/revisions"}],"predecessor-version":[{"id":258,"href":"https:\/\/cabakonveyor.com\/index.php?rest_route=\/wp\/v2\/pages\/21\/revisions\/258"}],"wp:attachment":[{"href":"https:\/\/cabakonveyor.com\/index.php?rest_route=%2Fwp%2Fv2%2Fmedia&parent=21"}],"curies":[{"name":"wp","href":"https:\/\/api.w.org\/{rel}","templated":true}]}}