{"id":76,"date":"2025-03-05T14:30:33","date_gmt":"2025-03-05T14:30:33","guid":{"rendered":"https:\/\/cabakonveyor.com\/?page_id=76"},"modified":"2025-03-26T12:58:08","modified_gmt":"2025-03-26T12:58:08","slug":"serbest-rulolu-konveyorler","status":"publish","type":"page","link":"https:\/\/cabakonveyor.com\/?page_id=76","title":{"rendered":"Serbest Rulolu Konvey\u00f6rler"},"content":{"rendered":"<!-- wp:themify-builder\/canvas \/-->","protected":false},"excerpt":{"rendered":"","protected":false},"author":1,"featured_media":0,"parent":0,"menu_order":0,"comment_status":"closed","ping_status":"closed","template":"","meta":{"_joinchat":[],"footnotes":""},"class_list":["post-76","page","type-page","status-publish","hentry","has-post-title","has-post-date","has-post-category","has-post-tag","has-post-comment","has-post-author",""],"builder_content":"<h1 data-start=\"0\" data-end=\"36\">Serbest Rulolu Konvey\u00f6rler<\/h1> <p>Sabit bir mile, rulmanlar vas\u0131tas\u0131yla ba\u011flanm\u0131\u015f, kendi ekseni etraf\u0131nda d\u00f6nmeye haz\u0131r borular\u0131n ihtiyaca uygun mesafelerle art arda dizilmesinden olu\u015fur. E\u011fimli veya yere paralel olarak imal edilebilirler. E\u011fimli tiplerinde \u00fczerlerindeki malzeme yer \u00e7ekimi etkisiyle ilerler. D\u00fcz tiplerinde \u00fczerlerindeki malzemeler birbirlerini iterek veya insan g\u00fcc\u00fcyle ilerlerler.<\/p> <p>\u00c7aba Konvey\u00f6r olarak, ihtiyac\u0131n\u0131za uygun serbest rulolu konvey\u00f6r \u00e7\u00f6z\u00fcmleri sunuyoruz. Uzman ekibimizle, ta\u015f\u0131ma s\u00fcre\u00e7lerinizi daha verimli ve g\u00fcvenli hale getirmek i\u00e7in yan\u0131n\u0131zday\u0131z.<\/p> <p>Daha fazla bilgi ve teklif almak i\u00e7in bizimle ileti\u015fime ge\u00e7ebilirsiniz.<\/p>\n<img src=\"https:\/\/cabakonveyor.com\/wp-content\/uploads\/2025\/03\/Serbest-Rulolu-Konveyor-1-672x411.png\" width=\"672\" height=\"411\" title=\"Serbest Rulolu Konvey\u00f6r 1\" alt=\"Serbest Rulolu Konvey\u00f6r 1\" srcset=\"https:\/\/cabakonveyor.com\/wp-content\/uploads\/2025\/03\/Serbest-Rulolu-Konveyor-1-672x411.png 672w, https:\/\/cabakonveyor.com\/wp-content\/uploads\/2025\/03\/Serbest-Rulolu-Konveyor-1-300x184.png 300w, https:\/\/cabakonveyor.com\/wp-content\/uploads\/2025\/03\/Serbest-Rulolu-Konveyor-1.png 713w\" sizes=\"(max-width: 672px) 100vw, 672px\" \/>","_links":{"self":[{"href":"https:\/\/cabakonveyor.com\/index.php?rest_route=\/wp\/v2\/pages\/76","targetHints":{"allow":["GET"]}}],"collection":[{"href":"https:\/\/cabakonveyor.com\/index.php?rest_route=\/wp\/v2\/pages"}],"about":[{"href":"https:\/\/cabakonveyor.com\/index.php?rest_route=\/wp\/v2\/types\/page"}],"author":[{"embeddable":true,"href":"https:\/\/cabakonveyor.com\/index.php?rest_route=\/wp\/v2\/users\/1"}],"replies":[{"embeddable":true,"href":"https:\/\/cabakonveyor.com\/index.php?rest_route=%2Fwp%2Fv2%2Fcomments&post=76"}],"version-history":[{"count":7,"href":"https:\/\/cabakonveyor.com\/index.php?rest_route=\/wp\/v2\/pages\/76\/revisions"}],"predecessor-version":[{"id":249,"href":"https:\/\/cabakonveyor.com\/index.php?rest_route=\/wp\/v2\/pages\/76\/revisions\/249"}],"wp:attachment":[{"href":"https:\/\/cabakonveyor.com\/index.php?rest_route=%2Fwp%2Fv2%2Fmedia&parent=76"}],"curies":[{"name":"wp","href":"https:\/\/api.w.org\/{rel}","templated":true}]}}