{"id":79,"date":"2025-03-05T14:30:33","date_gmt":"2025-03-05T14:30:33","guid":{"rendered":"https:\/\/cabakonveyor.com\/?page_id=79"},"modified":"2025-03-05T15:18:14","modified_gmt":"2025-03-05T15:18:14","slug":"bilyali-calisma-masalari","status":"publish","type":"page","link":"https:\/\/cabakonveyor.com\/?page_id=79","title":{"rendered":"Bilyal\u0131 \u00c7al\u0131\u015fma Masalar\u0131"},"content":{"rendered":"<!-- wp:themify-builder\/canvas \/-->","protected":false},"excerpt":{"rendered":"","protected":false},"author":1,"featured_media":0,"parent":0,"menu_order":0,"comment_status":"closed","ping_status":"closed","template":"","meta":{"_joinchat":[],"footnotes":""},"class_list":["post-79","page","type-page","status-publish","hentry","has-post-title","has-post-date","has-post-category","has-post-tag","has-post-comment","has-post-author",""],"builder_content":"<h1 data-start=\"0\" data-end=\"34\">Bilyal\u0131 \u00c7al\u0131\u015fma Masalar\u0131<\/h1> <p data-start=\"36\" data-end=\"377\">Bilyal\u0131 \u00e7al\u0131\u015fma masalar\u0131, a\u011f\u0131r veya hacimli malzemelerin kolayca hareket ettirilmesini sa\u011flayan ergonomik ve verimli \u00e7al\u0131\u015fma platformlar\u0131d\u0131r. Y\u00fczeyinde bulunan bilyalar sayesinde operat\u00f6rler, \u00fcr\u00fcnleri minimum eforla farkl\u0131 y\u00f6nlere kayd\u0131rabilir. \u00d6zellikle montaj hatlar\u0131, paketleme s\u00fcre\u00e7leri ve \u00fcretim tesislerinde yayg\u0131n olarak kullan\u0131l\u0131r.<\/p> <h2 data-start=\"379\" data-end=\"429\">Bilyal\u0131 \u00c7al\u0131\u015fma Masalar\u0131n\u0131n Avantajlar\u0131<\/h2> <p data-start=\"430\" data-end=\"977\">\u2705 <strong data-start=\"432\" data-end=\"460\">Hassas ve Kolay Hareket:<\/strong> Bilyal\u0131 y\u00fczey, y\u00fcklerin herhangi bir y\u00f6ne rahat\u00e7a hareket ettirilmesini sa\u011flar.<br data-start=\"540\" data-end=\"543\">\u2705 <strong data-start=\"545\" data-end=\"574\" data-is-only-node=\"\">Ergonomik \u00c7al\u0131\u015fma Ortam\u0131:<\/strong> Operat\u00f6rlerin fiziksel y\u00fck\u00fcn\u00fc azaltarak daha verimli bir \u00e7al\u0131\u015fma s\u00fcreci sunar.<br data-start=\"653\" data-end=\"656\">\u2705 <strong data-start=\"658\" data-end=\"687\">Dayan\u0131kl\u0131 ve Uzun \u00d6m\u00fcrl\u00fc:<\/strong> Y\u00fcksek kaliteli malzemelerden \u00fcretilerek a\u011f\u0131r y\u00fcklerde bile dayan\u0131kl\u0131l\u0131k g\u00f6sterir.<br data-start=\"770\" data-end=\"773\">\u2705 <strong data-start=\"775\" data-end=\"795\">Mod\u00fcler Tasar\u0131m:<\/strong> \u00c7al\u0131\u015fma alan\u0131na g\u00f6re farkl\u0131 ebatlarda ve \u00f6zelliklerde \u00fcretilebilir.<br data-start=\"863\" data-end=\"866\">\u2705 <strong data-start=\"868\" data-end=\"905\">Zamandan ve \u0130\u015f G\u00fcc\u00fcnden Tasarruf:<\/strong> \u00dcr\u00fcnlerin ta\u015f\u0131nmas\u0131n\u0131 kolayla\u015ft\u0131rarak \u00fcretim s\u00fcre\u00e7lerini h\u0131zland\u0131r\u0131r.<\/p> <p data-start=\"979\" data-end=\"1134\"><strong data-start=\"979\" data-end=\"996\">\u00c7aba Konvey\u00f6r<\/strong> olarak, \u00fcretim s\u00fcre\u00e7lerinizi daha pratik ve verimli hale getirecek bilyal\u0131 \u00e7al\u0131\u015fma masalar\u0131n\u0131 ihtiya\u00e7lar\u0131n\u0131za \u00f6zel olarak tasarl\u0131yoruz.<\/p> <p data-start=\"1136\" data-end=\"1201\" data-is-last-node=\"\" data-is-only-node=\"\">\ud83d\udcde Daha fazla bilgi ve teklif almak i\u00e7in bizimle ileti\u015fime ge\u00e7in!<\/p>\n<img src=\"https:\/\/cabakonveyor.com\/wp-content\/uploads\/2025\/03\/Resim33-672x436.png\" width=\"672\" height=\"436\" title=\"Resim33\" alt=\"Resim33\" srcset=\"https:\/\/cabakonveyor.com\/wp-content\/uploads\/2025\/03\/Resim33-672x436.png 672w, https:\/\/cabakonveyor.com\/wp-content\/uploads\/2025\/03\/Resim33-300x195.png 300w, https:\/\/cabakonveyor.com\/wp-content\/uploads\/2025\/03\/Resim33.png 617w\" sizes=\"(max-width: 672px) 100vw, 672px\" \/>","_links":{"self":[{"href":"https:\/\/cabakonveyor.com\/index.php?rest_route=\/wp\/v2\/pages\/79","targetHints":{"allow":["GET"]}}],"collection":[{"href":"https:\/\/cabakonveyor.com\/index.php?rest_route=\/wp\/v2\/pages"}],"about":[{"href":"https:\/\/cabakonveyor.com\/index.php?rest_route=\/wp\/v2\/types\/page"}],"author":[{"embeddable":true,"href":"https:\/\/cabakonveyor.com\/index.php?rest_route=\/wp\/v2\/users\/1"}],"replies":[{"embeddable":true,"href":"https:\/\/cabakonveyor.com\/index.php?rest_route=%2Fwp%2Fv2%2Fcomments&post=79"}],"version-history":[{"count":5,"href":"https:\/\/cabakonveyor.com\/index.php?rest_route=\/wp\/v2\/pages\/79\/revisions"}],"predecessor-version":[{"id":157,"href":"https:\/\/cabakonveyor.com\/index.php?rest_route=\/wp\/v2\/pages\/79\/revisions\/157"}],"wp:attachment":[{"href":"https:\/\/cabakonveyor.com\/index.php?rest_route=%2Fwp%2Fv2%2Fmedia&parent=79"}],"curies":[{"name":"wp","href":"https:\/\/api.w.org\/{rel}","templated":true}]}}