{"id":85,"date":"2025-03-05T14:30:33","date_gmt":"2025-03-05T14:30:33","guid":{"rendered":"https:\/\/cabakonveyor.com\/?page_id=85"},"modified":"2026-04-12T12:36:56","modified_gmt":"2026-04-12T12:36:56","slug":"hakkimizda","status":"publish","type":"page","link":"https:\/\/cabakonveyor.com\/?page_id=85","title":{"rendered":"Hakk\u0131m\u0131zda"},"content":{"rendered":"<!-- wp:themify-builder\/canvas \/-->","protected":false},"excerpt":{"rendered":"","protected":false},"author":1,"featured_media":0,"parent":0,"menu_order":0,"comment_status":"closed","ping_status":"closed","template":"","meta":{"_joinchat":[],"footnotes":""},"class_list":["post-85","page","type-page","status-publish","hentry","has-post-title","has-post-date","has-post-category","has-post-tag","has-post-comment","has-post-author",""],"builder_content":"<img src=\"https:\/\/cabakonveyor.com\/wp-content\/uploads\/2025\/03\/caba-konveyor-logo2-1024x803-900x700.jpg\" width=\"900\" height=\"700\" title=\"\u00e7aba-konvey\u00f6r-logo2\" alt=\"\u00e7aba-konvey\u00f6r-logo2\">\n<p>\u00a0M\u00fc\u015fteri memnuniyetini temel ilke olarak benimseyen firmam\u0131z, t\u00fcm \u00e7al\u0131\u015fmalar\u0131nda insana ve do\u011faya sayg\u0131y\u0131 g\u00f6zetir; kaliteli, yenilik\u00e7i ve g\u00fcvenilir \u00e7\u00f6z\u00fcmler sunmay\u0131 hedefler.<\/p> <p>Genel M\u00fcd\u00fcr: Metin Karata\u015f<\/p> <p>\u0130stanbul\u2019da do\u011fdu. Bak\u0131rk\u00f6y Ticaret Lisesi (1985) ve Y\u0131ld\u0131z Teknik \u00dcniversitesi M\u00fchendislik Fak\u00fcltesi Makine M\u00fchendisli\u011fi B\u00f6l\u00fcm\u00fc\u2019nden (1990) mezun oldu. 1991 y\u0131l\u0131nda ba\u015flad\u0131\u011f\u0131 \u00e7al\u0131\u015fma hayat\u0131 boyunca, farkl\u0131 konvey\u00f6r firmalar\u0131nda, farkl\u0131 pozisyonlarda \u00e7al\u0131\u015ft\u0131.<\/p>","_links":{"self":[{"href":"https:\/\/cabakonveyor.com\/index.php?rest_route=\/wp\/v2\/pages\/85","targetHints":{"allow":["GET"]}}],"collection":[{"href":"https:\/\/cabakonveyor.com\/index.php?rest_route=\/wp\/v2\/pages"}],"about":[{"href":"https:\/\/cabakonveyor.com\/index.php?rest_route=\/wp\/v2\/types\/page"}],"author":[{"embeddable":true,"href":"https:\/\/cabakonveyor.com\/index.php?rest_route=\/wp\/v2\/users\/1"}],"replies":[{"embeddable":true,"href":"https:\/\/cabakonveyor.com\/index.php?rest_route=%2Fwp%2Fv2%2Fcomments&post=85"}],"version-history":[{"count":12,"href":"https:\/\/cabakonveyor.com\/index.php?rest_route=\/wp\/v2\/pages\/85\/revisions"}],"predecessor-version":[{"id":269,"href":"https:\/\/cabakonveyor.com\/index.php?rest_route=\/wp\/v2\/pages\/85\/revisions\/269"}],"wp:attachment":[{"href":"https:\/\/cabakonveyor.com\/index.php?rest_route=%2Fwp%2Fv2%2Fmedia&parent=85"}],"curies":[{"name":"wp","href":"https:\/\/api.w.org\/{rel}","templated":true}]}}