{"id":86,"date":"2025-03-05T14:30:33","date_gmt":"2025-03-05T14:30:33","guid":{"rendered":"https:\/\/cabakonveyor.com\/?page_id=86"},"modified":"2026-04-12T12:55:50","modified_gmt":"2026-04-12T12:55:50","slug":"iletisim","status":"publish","type":"page","link":"https:\/\/cabakonveyor.com\/?page_id=86","title":{"rendered":"\u0130leti\u015fim"},"content":{"rendered":"<!-- wp:themify-builder\/canvas \/-->","protected":false},"excerpt":{"rendered":"","protected":false},"author":1,"featured_media":0,"parent":0,"menu_order":0,"comment_status":"closed","ping_status":"closed","template":"","meta":{"_joinchat":[],"footnotes":""},"class_list":["post-86","page","type-page","status-publish","hentry","has-post-title","has-post-date","has-post-category","has-post-tag","has-post-comment","has-post-author",""],"builder_content":"<h2>Bize Ula\u015f\u0131n!<\/h2> <p>Tek Yapman\u0131z gereken ileti\u015fim formunu doldurman\u0131z. Bir t\u0131k kadar yak\u0131n\u0131z.<\/p>\n<p role=\"status\" aria-live=\"polite\" aria-atomic=\"true\"><\/p> <ul><\/ul> <form action=\"\/index.php?rest_route=%2Fwp%2Fv2%2Fpages%2F86#wpcf7-f61-o1\" method=\"post\" aria-label=\"\u0130leti\u015fim Formu\" novalidate=\"novalidate\" data-status=\"init\"> <fieldset><input type=\"hidden\" name=\"_wpcf7\" value=\"61\" \/><input type=\"hidden\" name=\"_wpcf7_version\" value=\"6.1.5\" \/><input type=\"hidden\" name=\"_wpcf7_locale\" value=\"tr_TR\" \/><input type=\"hidden\" name=\"_wpcf7_unit_tag\" value=\"wpcf7-f61-o1\" \/><input type=\"hidden\" name=\"_wpcf7_container_post\" value=\"0\" \/><input type=\"hidden\" name=\"_wpcf7_posted_data_hash\" value=\"\" \/><input type=\"hidden\" name=\"_wpcf7_recaptcha_response\" value=\"\" \/> <\/fieldset> <p><label> Ad\u0131n\u0131z<br \/> <input size=\"40\" maxlength=\"400\" autocomplete=\"name\" aria-required=\"true\" aria-invalid=\"false\" value=\"\" type=\"text\" name=\"your-name\" \/> <\/label> <\/p> <p><label> E-posta adresiniz<br \/> <input size=\"40\" maxlength=\"400\" autocomplete=\"email\" aria-required=\"true\" aria-invalid=\"false\" value=\"\" type=\"email\" name=\"your-email\" \/> <\/label> <\/p> <p><label> Konu<br \/> <input size=\"40\" maxlength=\"400\" aria-required=\"true\" aria-invalid=\"false\" value=\"\" type=\"text\" name=\"your-subject\" \/> <\/label> <\/p> <p><label> \u0130letiniz (tercihe ba\u011fl\u0131)<br \/> <textarea cols=\"40\" rows=\"10\" maxlength=\"2000\" aria-invalid=\"false\" name=\"your-message\"><\/textarea> <\/label> <\/p> <p><label>Robot Olmad\u0131\u011f\u0131n\u0131z\u0131 Do\u011frulay\u0131n<br \/> <label>T\u00fcrkiyenin Ba\u015fkenti Neresidir? <input size=\"40\" autocomplete=\"off\" aria-required=\"true\" aria-invalid=\"false\" type=\"text\" name=\"quiz-78\" \/><\/label><input type=\"hidden\" name=\"_wpcf7_quiz_answer_quiz-78\" value=\"f41771a7c95d7ba29b9ede4f8b2f7abb\" \/><\/label> <\/p> <p><input type=\"submit\" value=\"G\u00f6nder\" \/> <\/p><p style=\"display: none !important;\" data-prefix=\"_wpcf7_ak_\"><label>&#916;<textarea name=\"_wpcf7_ak_hp_textarea\" cols=\"45\" rows=\"8\" maxlength=\"100\"><\/textarea><\/label><input type=\"hidden\" id=\"ak_js_1\" name=\"_wpcf7_ak_js\" value=\"160\"\/><\/p> <\/form>\n<img src=\"https:\/\/cabakonveyor.com\/wp-content\/uploads\/2025\/03\/map-studio.jpg\" title=\"map-studio\" alt=\"map-studio\" srcset=\"https:\/\/cabakonveyor.com\/wp-content\/uploads\/2025\/03\/map-studio.jpg 1500w, https:\/\/cabakonveyor.com\/wp-content\/uploads\/2025\/03\/map-studio-300x128.jpg 300w, https:\/\/cabakonveyor.com\/wp-content\/uploads\/2025\/03\/map-studio-1024x436.jpg 1024w, https:\/\/cabakonveyor.com\/wp-content\/uploads\/2025\/03\/map-studio-768x327.jpg 768w\" sizes=\"(max-width: 1500px) 100vw, 1500px\" \/>","_links":{"self":[{"href":"https:\/\/cabakonveyor.com\/index.php?rest_route=\/wp\/v2\/pages\/86","targetHints":{"allow":["GET"]}}],"collection":[{"href":"https:\/\/cabakonveyor.com\/index.php?rest_route=\/wp\/v2\/pages"}],"about":[{"href":"https:\/\/cabakonveyor.com\/index.php?rest_route=\/wp\/v2\/types\/page"}],"author":[{"embeddable":true,"href":"https:\/\/cabakonveyor.com\/index.php?rest_route=\/wp\/v2\/users\/1"}],"replies":[{"embeddable":true,"href":"https:\/\/cabakonveyor.com\/index.php?rest_route=%2Fwp%2Fv2%2Fcomments&post=86"}],"version-history":[{"count":19,"href":"https:\/\/cabakonveyor.com\/index.php?rest_route=\/wp\/v2\/pages\/86\/revisions"}],"predecessor-version":[{"id":276,"href":"https:\/\/cabakonveyor.com\/index.php?rest_route=\/wp\/v2\/pages\/86\/revisions\/276"}],"wp:attachment":[{"href":"https:\/\/cabakonveyor.com\/index.php?rest_route=%2Fwp%2Fv2%2Fmedia&parent=86"}],"curies":[{"name":"wp","href":"https:\/\/api.w.org\/{rel}","templated":true}]}}